{"id":93,"date":"2025-11-28T01:22:11","date_gmt":"2025-11-28T00:22:11","guid":{"rendered":"https:\/\/stanislawszlassa.pl\/?page_id=93"},"modified":"2025-12-16T14:27:13","modified_gmt":"2025-12-16T13:27:13","slug":"grupa","status":"publish","type":"page","link":"https:\/\/stanislawszlassa.pl\/","title":{"rendered":"Praca nad sob\u0105 ma pocz\u0105tek i trwa bez ko\u0144ca&#8230;"},"content":{"rendered":"\n<p>Chodzi o drog\u0119. <br>To ona jest celem. <br>Droga do siebie, do Boga, do drugiego cz\u0142owieka. <br>Widzisz jej fragment. <br>To co dzisiaj widzisz wystarczy. <br>Id\u017a ni\u0105. <br>A jutro&#8230;<\/p>\n\n\n\n<p><\/p>\n\n\n\n<figure class=\"wp-block-image size-full\"><img loading=\"lazy\" decoding=\"async\" width=\"2048\" height=\"1536\" src=\"http:\/\/stanislawszlassa.pl\/wp-content\/uploads\/2025\/11\/droga-drruk.jpg\" alt=\"\" class=\"wp-image-60\" srcset=\"https:\/\/stanislawszlassa.pl\/wp-content\/uploads\/2025\/11\/droga-drruk.jpg 2048w, https:\/\/stanislawszlassa.pl\/wp-content\/uploads\/2025\/11\/droga-drruk-300x225.jpg 300w, https:\/\/stanislawszlassa.pl\/wp-content\/uploads\/2025\/11\/droga-drruk-1024x768.jpg 1024w, https:\/\/stanislawszlassa.pl\/wp-content\/uploads\/2025\/11\/droga-drruk-768x576.jpg 768w, https:\/\/stanislawszlassa.pl\/wp-content\/uploads\/2025\/11\/droga-drruk-1536x1152.jpg 1536w, https:\/\/stanislawszlassa.pl\/wp-content\/uploads\/2025\/11\/droga-drruk-850x638.jpg 850w\" sizes=\"auto, (max-width: 2048px) 100vw, 2048px\" \/><\/figure>\n\n\n\n<p><\/p>\n","protected":false},"excerpt":{"rendered":"<p>Chodzi o drog\u0119. To ona jest celem. Droga do siebie, do Boga, do drugiego cz\u0142owieka. Widzisz jej fragment. To co dzisiaj widzisz wystarczy. Id\u017a ni\u0105. A jutro&#8230;<\/p>\n","protected":false},"author":1,"featured_media":0,"parent":0,"menu_order":0,"comment_status":"closed","ping_status":"closed","template":"","meta":{"footnotes":""},"class_list":["post-93","page","type-page","status-publish","hentry"],"_links":{"self":[{"href":"https:\/\/stanislawszlassa.pl\/index.php?rest_route=\/wp\/v2\/pages\/93","targetHints":{"allow":["GET"]}}],"collection":[{"href":"https:\/\/stanislawszlassa.pl\/index.php?rest_route=\/wp\/v2\/pages"}],"about":[{"href":"https:\/\/stanislawszlassa.pl\/index.php?rest_route=\/wp\/v2\/types\/page"}],"author":[{"embeddable":true,"href":"https:\/\/stanislawszlassa.pl\/index.php?rest_route=\/wp\/v2\/users\/1"}],"replies":[{"embeddable":true,"href":"https:\/\/stanislawszlassa.pl\/index.php?rest_route=%2Fwp%2Fv2%2Fcomments&post=93"}],"version-history":[{"count":16,"href":"https:\/\/stanislawszlassa.pl\/index.php?rest_route=\/wp\/v2\/pages\/93\/revisions"}],"predecessor-version":[{"id":197,"href":"https:\/\/stanislawszlassa.pl\/index.php?rest_route=\/wp\/v2\/pages\/93\/revisions\/197"}],"wp:attachment":[{"href":"https:\/\/stanislawszlassa.pl\/index.php?rest_route=%2Fwp%2Fv2%2Fmedia&parent=93"}],"curies":[{"name":"wp","href":"https:\/\/api.w.org\/{rel}","templated":true}]}}